What is the ten thousands digit of 956301?
5
What is the units digit of 4311321?
1
What is the thousands digit of 558919?
8
What is the tens digit of 497947?
4
What is the units digit of 193942?
2
What is the thousands digit of 3543518?
3
What is the hundreds digit of 19922?
9
What is the units digit of 38638?
8
What is the thousands digit of 17697205?
7
What is the thousands digit of 626234?
6
What is the ten thousands digit of 54198?
5
What is the hundreds digit of 1494069?
0
What is the tens digit of 34271?
7
What is the ten thousands digit of 1171767?
7
What is the hundred thousands digit of 140796?
1
What is the tens digit of 25025067?
6
What is the ten thousands digit of 50493?
5
What is the millions digit of 2522807?
2
What is the ten thousands digit of 2494792?
9
What is the tens digit of 125639?
3
What is the ten millions digit of 18881822?
1
What is the units digit of 50365?
5
What is the ten thousands digit of 187984?
8
What is the tens digit of 2426737?
3
What is the tens digit of 912117?
1
What is the thousands digit of 683509?
3
What is the units digit of 2881072?
2
What is the thousands digit of 233202?
3
What is the thousands digit of 727615?
7
What is the units digit of 1160977?
7
What is the units digit of 161750?
0
What is the hundreds digit of 373256?
2
What is the hundreds digit of 222133?
1
What is the hundreds digit of 47535?
5
What is the units digit of 29714?
4
What is the hundred thousands digit of 539166?
5
What is the tens digit of 126901?
0
What is the millions digit of 1051189?
1
What is the millions digit of 3795338?
3
What is the ten millions digit of 26213081?
2
What is the units digit of 4231503?
3
What is the hundreds digit of 12202292?
2
What is the ten thousands digit of 257750?
5
What is the ten thousands digit of 1495215?
9
What is the hundreds digit of 5567777?
7
What is the units digit of 1005588?
8
What is the thousands digit of 270378?
0
What is the hundred thousands digit of 115002?
1
What is the tens digit of 106602?
0
What is the hundreds digit of 218717?
7
What is the tens digit of 799635?
3
What is the thousands digit of 228688?
8
What is the tens digit of 4649177?
7
What is the units digit of 193558?
8
What is the hundred thousands digit of 100154?
1
What is the hundreds digit of 1870950?
9
What is the units digit of 624185?
5
What is the ten thousands digit of 4022574?
2
What is the units digit of 161030?
0
What is the ten thousands digit of 554201?
5
What is the hundreds digit of 6569098?
0
What is the tens digit of 941039?
3
What is the ten thousands digit of 3235236?
3
What is the millions digit of 5283921?
5
What is the tens digit of 144462?
6
What is the hundred thousands digit of 24280271?
2
What is the hundred thousands digit of 27156246?
1
What is the units digit of 707405?
5
What is the tens digit of 834996?
9
What is the hundreds digit of 6043216?
2
What is the units digit of 15455972?
2
What is the tens digit of 489475?
7
What is the units digit of 339788?
8
What is the tens digit of 426685?
8
What is the ten thousands digit of 569570?
6
What is the tens digit of 415465?
6
What is the millions digit of 5039689?
5
What is the hundreds digit of 278880?
8
What is the ten thousands digit of 499055?
9
What is the ten thousands digit of 4985751?
8
What is the units digit of 789631?
1
What is the hundred thousands digit of 1953760?
9
What is the units digit of 1949263?
3
What is the hundreds digit of 334162?
1
What is the units digit of 747308?
8
What is the thousands digit of 325109?
5
What is the ten thousands digit of 2352337?
5
What is the hundreds digit of 327500?
5
What is the millions digit of 8333077?
8
What is the units digit of 430419?
9
What is the hundred thousands digit of 32001717?
0
What is the hundred thousands digit of 339182?
3
What is the tens digit of 220466?
6
What is the tens digit of 2389786?
8
What is the ten thousands digit of 3812543?
1
What is the hundred thousands digit of 213665?
2
What is the hundred thousands digit of 132589?
1
What is the tens digit of 281526?
2
What is the hundreds digit of 1543468?
4
What is the units digit of 2152884?
4
What is the ten thousands digit of 63049?
6
What is the thousands digit of 2043026?
3
What is the ten thousands digit of 567394?
6
What is the hundred thousands digit of 799541?
7
What is the units digit of 5492041?
1
What is the ten thousands digit of 22085798?
8
What is the millions digit of 5989330?
5
What is the hundreds digit of 21137870?
8
What is the hundreds digit of 748416?
4
What is the tens digit of 911740?
4
What is the ten thousands digit of 99584?
9
What is the hundred thousands digit of 745114?
7
What is the millions digit of 18428317?
8
What is the millions digit of 19227683?
9
What is the tens digit of 170063?
6
What is the units digit of 2776050?
0
What is the tens digit of 1314538?
3
What is the thousands digit of 3266530?
6
What is the hundred thousands digit of 987648?
9
What is the tens digit of 35194211?
1
What is the hundreds digit of 809410?
4
What is the tens digit of 15791930?
3
What is the tens digit of 2016038?
3
What is the tens digit of 2947683?
8
What is the ten thousands digit of 2559531?
5
What is the thousands digit of 364060?
4
What is the units digit of 663703?
3
What is the ten thousands digit of 1596169?
9
What is the thousands digit of 33112259?
2
What is the ten thousands digit of 314076?
1
What is the hundred thousands digit of 149221?
1
What is the tens digit of 141853?
5
What is the millions digit of 31281031?
1
What is the units digit of 4815235?
5
What is the units digit of 450126?
6
What is the thousands digit of 1478905?
8
What is the hundred thousands digit of 2683505?
6
What is the tens digit of 10045517?
1
What is the hundred thousands digit of 284510?
2
What is the hundreds digit of 5349545?
5
What is the hundred thousands digit of 734319?
7
What is the tens digit of 573938?
3
What is the ten thousands digit of 5548243?
4
What is the hundreds digit of 237654?
6
What is the ten thousands digit of 1366144?
6
What is the ten thousands digit of 416491?
1
What is the tens digit of 556269?
6
What is the ten millions digit of 11325889?
1
What is the tens digit of 385537?
3
What is the units digit of 926797?
7
What is the tens digit of 84339?
3
What is the hundreds digit of 1182208?
2
What is the hundred thousands digit of 550462?
5
What is the hundreds digit of 18821283?
2
What is the units digit of 7352321?
1
What is the hundreds digit of 115764?
7
What is the thousands digit of 5296289?
6
What is the hundred thousands digit of 2311293?
3
What is the ten thousands digit of 512794?
1
What is the hundred thousands digit of 292149?
2
What is the tens digit of 806745?
4
What is the tens digit of 3990429?
2
What is the ten thousands digit of 475613?
7
What is the millions digit of 6712641?
6
What is the units digit of 176357?
7
What is the millions digit of 7699140?
7
What is the hundreds digit of 771280?
2
What is the ten millions digit of 17787032?
1
What is the hundreds digit of 254402?
4
What is the units digit of 3021418?
8
What is the units digit of 2010845?
5
What is the hundreds digit of 936364?
3
What is the units digit of 64481?
1
What is the hundred thousands digit of 4648822?
6
What is the units digit of 5927458?
8
What is the hundred thousands digit of 784364?
7
What is the ten thousands digit of 13722033?
2
What is the ten thousands digit of 351828?
5
What is the units digit of 461836?
6
What is the hundreds digit of 383?
3
What is the units digit of 478283?
3
What is the thousands digit of 1685330?
5
What is the units digit of 160891?
1
What is the ten thousands digit of 134100?
3
What is the tens digit of 185676?
7
What is the hundred thousands digit of 10055575?
0
What is the units digit of 1035265?
5
What is the hundred thousands digit of 796992?
7
What is the hundreds digit of 6335674?
6
What is the thousands digit of 519840?
9
What is the tens digit of 1239965?
6
What is the units digit of 44485?
5
What is the hundred thousands digit of 15970637?
9
What is the millions digit of 2419290?
2
What is the units digit of 543633?
3
What is the hundreds digit of 1063546?
5
What is the millions digit of 17847674?
7
What is the hundreds digit of 527085?
0
What is the t